{"id":171,"date":"2009-09-01T13:30:13","date_gmt":"2009-09-01T11:30:13","guid":{"rendered":"http:\/\/www.bwtsc.de\/v2\/?page_id=171"},"modified":"2026-01-23T19:59:48","modified_gmt":"2026-01-23T18:59:48","slug":"tauchausbildung","status":"publish","type":"page","link":"https:\/\/www.bwtsc.de\/v2\/?page_id=171","title":{"rendered":"Tauchausbildung"},"content":{"rendered":"<p><strong>letzte Aktualisierung: 23.01.2026<\/strong><\/p>\n<p><strong>Interessierte, die bereits \u00fcber das Schnuppern hinaus sind und das Tauchen erlernen wollen, k\u00f6nnen sich telefonisch \u00fcber den Daniel mit uns in Verbindung setzen.<\/strong><strong><br \/>\n<\/strong>Dort kommt ihr schnell und sicher zu Infos und mehr.<br \/>\nUnd sicher dann auch bald ins bzw. unter Wasser !!!<\/p>\n<p><strong>Die Ausbildung zum Sporttaucher wird bei uns nach den internationalen Richtlinien des Verbandes Deutscher Sporttaucher (VDST) und des Welt- Tauchverbandes (CMAS) durchgef\u00fchrt.<br \/>\nVoraussetzung f\u00fcr alle Tauchabzeichen ist eine g\u00fcltige \u00e4rztliche Tauchtauglichkeitsbescheinigung nach den Bestimmungen des VDST.<br \/>\nDas Mindestalter f\u00fcr den \u201ekleinsten\u201c Tauchschein CMAS *<\/strong> (sprich: CMAS 1 Stern)<strong> betr\u00e4gt 14 Jahre.<\/strong><\/p>\n<p><strong>Die Ausbildung selbst wird geleitet von unseren Tauchlehrern.<\/strong><\/p>\n<p><strong><span style=\"text-decoration: underline;\">Welche(n) Nutzen\/Vorteile hat der Erwerb eines \u201eTauchscheines\u201c (=Brevet)?<\/span><\/strong><span style=\"text-decoration: underline;\"><br \/>\n<\/span><\/p>\n<div>An den meisten Tauchbasen im In- und Ausland ist der Nachweis der CMAS * &#8211; bzw. CMAS ** &#8211; Brevets Voraussetzung, um \u00fcberhaupt eine Tauchgenehmigung zu erhalten oder zum Tauchgang mitgenommen zu werden bzw. Tauchausr\u00fcstung leihen zu k\u00f6nnen.<\/div>\n<div><\/div>\n<div><\/div>\n<div><strong>Die Kosten f\u00fcr den Anf\u00e4ngerkurs zum Erwerb des <span style=\"color: #ff0000;\">DTSA Bronze \/ CMAS*<\/span> betragen:<\/strong><\/div>\n<ul>\n<li><strong><span style=\"color: #ff0000;\">f\u00fcr Mitglieder\/Nichtmitglieder: 195,00 \u20ac<\/span><\/strong>\n<ul>\n<li><strong>darin sind enthalten:<\/strong>\n<ul>\n<li><strong>8 &#8211; 10 Theoriestunden<\/strong><\/li>\n<li><strong>8 Praxisstunden<\/strong><\/li>\n<li><strong>Ausleihen der notwendige Ausr\u00fcstungsgegenst\u00e4nde kostenlos<\/strong><\/li>\n<li><strong>Logbuch<\/strong><\/li>\n<li><strong>6 Freiwassertauchg\u00e4nge<\/strong><\/li>\n<\/ul>\n<\/li>\n<\/ul>\n<\/li>\n<\/ul>\n<div><\/div>\n<div><strong>Die Kosten f\u00fcr die <span style=\"color: #ff0000;\">Sonderbrevets<\/span> (=Sonderkurse wie Orientierung beim Tauchen, Nachttauchen, Trockentauchen, Tauchrettung- und Sicherheit, Eistauchen) zum Erwerb des DTSA Silber \/ CMAS** und DTSA Gold\/CMAS***) betragen:<\/strong><\/div>\n<ul>\n<li><span style=\"color: #ff0000;\"><strong>f\u00fcr Mitglieder\/Nichtmitglieder: 25,00 \u20ac<br \/>\n<\/strong><\/span><\/li>\n<\/ul>\n<div><\/div>\n<div><\/div>\n<div><strong>Die Kosten f\u00fcr den Anf\u00e4ngerkurs zum Erwerb des <span style=\"color: #ff0000;\">DTSA Silber \/ CMAS** und\u00a0DTSA Gold \/ CMAS***<\/span> betragen:<\/strong><\/div>\n<ul>\n<li><span style=\"color: #ff0000;\"><strong>f\u00fcr Mitglieder\/Nichtmitglieder: 75,00 \u20ac<\/strong><\/span><\/li>\n<\/ul>\n<p><strong>Notwendige Ausbildungslekt\u00fcre kann von uns nat\u00fcrlich ausgeliehen werden.<br \/>\n<\/strong>Wir empfehlen Euch aber den Erwerb von Ausbildungsb\u00fcchern. Dann seid ihr auf dem neuesten Stand und k\u00f6nnt immer mal wieder nachschlagen !!! Bei der Lehrbuchauswahl beraten wir Euch gerne.<\/p>\n<p><strong><span style=\"color: #0000ff;\"><span style=\"color: #0000ff;\">Weitere Fragen ? Dann meldet Euch <strong>bei Interesse bitte per Mail unter der Rubrik <a href=\"http:\/\/www.bwtsc.de\/v2\/?page_id=29\">KONTAKT<\/a><br \/>\noder telefonisch bei Daniel unter 0151 \u2013 4 zwei 3 zwei 51 zwei 3<\/strong>.<\/span><br \/>\n<\/span><\/strong><\/p>\n<p><strong><span style=\"color: #0000ff;\">Wir freuen uns auf Euch !!!<\/span><\/strong><\/p>\n","protected":false},"excerpt":{"rendered":"<p>letzte Aktualisierung: 23.01.2026 Interessierte, die bereits \u00fcber das Schnuppern hinaus sind und das Tauchen erlernen wollen, k\u00f6nnen sich telefonisch \u00fcber den Daniel mit uns in Verbindung setzen. Dort kommt ihr schnell und sicher zu Infos und mehr. Und sicher dann &hellip; <a href=\"https:\/\/www.bwtsc.de\/v2\/?page_id=171\">Weiterlesen <span class=\"meta-nav\">&rarr;<\/span><\/a><\/p>\n","protected":false},"author":2,"featured_media":0,"parent":0,"menu_order":1,"comment_status":"closed","ping_status":"closed","template":"","meta":{"footnotes":""},"class_list":["post-171","page","type-page","status-publish","hentry"],"aioseo_notices":[],"_links":{"self":[{"href":"https:\/\/www.bwtsc.de\/v2\/index.php?rest_route=\/wp\/v2\/pages\/171","targetHints":{"allow":["GET"]}}],"collection":[{"href":"https:\/\/www.bwtsc.de\/v2\/index.php?rest_route=\/wp\/v2\/pages"}],"about":[{"href":"https:\/\/www.bwtsc.de\/v2\/index.php?rest_route=\/wp\/v2\/types\/page"}],"author":[{"embeddable":true,"href":"https:\/\/www.bwtsc.de\/v2\/index.php?rest_route=\/wp\/v2\/users\/2"}],"replies":[{"embeddable":true,"href":"https:\/\/www.bwtsc.de\/v2\/index.php?rest_route=%2Fwp%2Fv2%2Fcomments&post=171"}],"version-history":[{"count":42,"href":"https:\/\/www.bwtsc.de\/v2\/index.php?rest_route=\/wp\/v2\/pages\/171\/revisions"}],"predecessor-version":[{"id":1091,"href":"https:\/\/www.bwtsc.de\/v2\/index.php?rest_route=\/wp\/v2\/pages\/171\/revisions\/1091"}],"wp:attachment":[{"href":"https:\/\/www.bwtsc.de\/v2\/index.php?rest_route=%2Fwp%2Fv2%2Fmedia&parent=171"}],"curies":[{"name":"wp","href":"https:\/\/api.w.org\/{rel}","templated":true}]}}